e tens digit of 285208620?
2
What is the ten thousands digit of 204284333?
8
What is the ten millions digit of 115786530?
1
What is the ten millions digit of 1036439050?
3
What is the billions digit of 5303548658?
5
What is the hundred millions digit of 199845773?
1
What is the ten millions digit of 343808048?
4
What is the millions digit of 32563074?
2
What is the hundred millions digit of 5008127566?
0
What is the millions digit of 17239119?
7
What is the ten millions digit of 689943301?
8
What is the ten millions digit of 77643938?
7
What is the hundred millions digit of 1097589855?
0
What is the ten millions digit of 66191874?
6
What is the units digit of 1186747244?
4
What is the units digit of 526476234?
4
What is the units digit of 702165455?
5
What is the ten thousands digit of 112530048?
3
What is the hundreds digit of 696365809?
8
What is the ten thousands digit of 7697263?
9
What is the hundreds digit of 176297506?
5
What is the hundred millions digit of 445944162?
4
What is the tens digit of 27938851?
5
What is the hundreds digit of 2951892478?
4
What is the ten thousands digit of 46835412?
3
What is the thousands digit of 19675774?
5
What is the millions digit of 602248964?
2
What is the tens digit of 68075782?
8
What is the hundreds digit of 1837889591?
5
What is the tens digit of 82621219?
1
What is the ten thousands digit of 59191768?
9
What is the millions digit of 1358050333?
8
What is the hundreds digit of 75677814?
8
What is the units digit of 1519174503?
3
What is the billions digit of 5456743182?
5
What is the millions digit of 140524635?
0
What is the tens digit of 203926382?
8
What is the millions digit of 304137573?
4
What is the tens digit of 211473140?
4
What is the hundred millions digit of 3174288682?
1
What is the hundreds digit of 473390092?
0
What is the ten thousands digit of 1202796421?
9
What is the hundred millions digit of 2242024055?
2
What is the thousands digit of 6077775996?
5
What is the ten thousands digit of 357175204?
7
What is the tens digit of 55389858?
5
What is the ten thousands digit of 72260394?
6
What is the thousands digit of 1296682464?
2
What is the hundred millions digit of 111103218?
1
What is the ten thousands digit of 62269863?
6
What is the ten thousands digit of 7246490?
4
What is the tens digit of 1256534094?
9
What is the thousands digit of 2489468054?
8
What is the ten thousands digit of 44382499?
8
What is the millions digit of 2687781?
2
What is the tens digit of 5172890441?
4
What is the hundreds digit of 2010456606?
6
What is the ten millions digit of 36734315?
3
What is the units digit of 1091579210?
0
What is the units digit of 36165153?
3
What is the hundred thousands digit of 327223542?
2
What is the units digit of 5772469108?
8
What is the millions digit of 10365495?
0
What is the thousands digit of 45641993?
1
What is the tens digit of 29938116?
1
What is the ten millions digit of 110043571?
1
What is the units digit of 4114624?
4
What is the units digit of 2337601712?
2
What is the tens digit of 663093444?
4
What is the hundreds digit of 3915207469?
4
What is the millions digit of 2128154131?
8
What is the millions digit of 279396066?
9
What is the hundreds digit of 81724242?
2
What is the ten millions digit of 1893396575?
9
What is the ten thousands digit of 89685550?
8
What is the tens digit of 635445276?
7
What is the billions digit of 1184789177?
1
What is the hundreds digit of 112094918?
9
What is the millions digit of 162681829?
2
What is the tens digit of 50794986?
8
What is the units digit of 15551992?
2
What is the hundred thousands digit of 29755162?
7
What is the units digit of 132260994?
4
What is the ten thousands digit of 19647190?
4
What is the thousands digit of 58641878?
1
What is the millions digit of 344146893?
4
What is the billions digit of 2512352840?
2
What is the hundred millions digit of 2948118447?
9
What is the hundred thousands digit of 421037964?
0
What is the units digit of 2835582910?
0
What is the units digit of 4386505469?
9
What is the hundred millions digit of 227892800?
2
What is the ten millions digit of 481958082?
8
What is the hundreds digit of 2953324252?
2
What is the hundred thousands digit of 879055951?
0
What is the hundred millions digit of 334897552?
3
What is the ten millions digit of 202323972?
0
What is the millions digit of 8341743393?
1
What is the tens digit of 27249332?
3
What is the hundred thousands digit of 805154536?
1
What is the hundred millions digit of 5366990012?
3
What is the hundred thousands digit of 297784918?
7
What is the billions digit of 1139471938?
1
What is the millions digit of 554781680?
4
What is the millions digit of 49366205?
9
What is the hundreds digit of 3268563535?
5
What is the units digit of 327065544?
4
What is the hundred millions digit of 151347413?
1
What is the tens digit of 153259730?
3
What is the millions digit of 1686520686?
6
What is the hundreds digit of 986137720?
7
What is the units digit of 254067446?
6
What is the millions digit of 72996641?
2
What is the tens digit of 159474037?
3
What is the units digit of 304049942?
2
What is the hundreds digit of 126393138?
1
What is the units digit of 959144502?
2
What is the hundred thousands digit of 817009194?
0
What is the hundred thousands digit of 70349445?
3
What is the ten thousands digit of 307650424?
5
What is the units digit of 277012311?
1
What is the tens digit of 50134244?
4
What is the hundred thousands digit of 292480865?
4
What is the ten millions digit of 119295465?
1
What is the ten thousands digit of 56422839?
2
What is the hundred thousands digit of 117886627?
8
What is the thousands digit of 4316902111?
2
What is the tens digit of 296336143?
4
What is the hundred millions digit of 123516961?
1
What is the hundred millions digit of 7800501417?
8
What is the tens digit of 69163120?
2
What is the units digit of 33740886?
6
What is the ten millions digit of 177678495?
7
What is the units digit of 3236821?
1
What is the ten millions digit of 116409182?
1
What is the thousands digit of 372253281?
3
What is the millions digit of 292344382?
2
What is the units digit of 288375755?
5
What is the hundred millions digit of 432804470?
4
What is the millions digit of 330146033?
0
What is the hundred thousands digit of 19773981?
7
What is the units digit of 214747479?
9
What is the units digit of 261734110?
0
What is the units digit of 897823374?
4
What is the millions digit of 197848486?
7
What is the thousands digit of 8905675?
5
What is the hundred millions digit of 1020881280?
0
What is the ten millions digit of 161948159?
6
What is the ten millions digit of 555890224?
5
What is the tens digit of 822305?
0
What is the ten thousands digit of 304114010?
1
What is the ten millions digit of 655446394?
5
What is the millions digit of 1047827872?
7
What is the tens digit of 876956654?
5
What is the millions digit of 27140034?
7
What is the hundreds digit of 1360473041?
0
What is the ten millions digit of 1782730667?
8
What is the tens digit of 208018134?
3
What is the ten thousands digit of 60831078?
3
What is the ten millions digit of 685700160?
8
What is the hundred thousands digit of 100162681?
1
What is the ten millions digit of 62925773?
6
What is the hundred thousands digit of 21317821?
3
What is the ten thousands digit of 312812160?
1
What is the units digit of 227270738?
8
What is the millions digit of 1152773079?
2
What is the tens digit of 187182364?
6
What is the hundred millions digit of 412831888?
4
What is the ten thousands digit of 3487627360?
2
What is the hundreds digit of 224622062?
0
What is the billions digit of 5686519236?
5
What is the ten thousands digit of 36424243?
2
What is the hundred millions digit of 733691314?
7
What is the hundreds digit of 251884824?
8
What is the hundreds digit of 353928071?
0
What is the billions digit of 3598363649?
3
What is the hundred thousands digit of 173219058?
2
What is the hundred millions digit of 5770630594?
7
What is the tens digit of 438481852?
5
What is the units digit of 1195799116?
6
What is the hundreds digit of 39814506?
5
What is the units digit of 183144196?
6
What is the millions digit of 436603327?
6
What is the hundred thousands digit of 2697689945?
6
W